{"id":53,"date":"2019-04-27T11:27:49","date_gmt":"2019-04-27T09:27:49","guid":{"rendered":"http:\/\/www.landhausgarten.at\/joomla1.7\/?page_id=53"},"modified":"2019-05-04T10:39:09","modified_gmt":"2019-05-04T08:39:09","slug":"links","status":"publish","type":"page","link":"https:\/\/www.landhausgarten.at\/joomla1.7\/links\/","title":{"rendered":"Empfehlungen im Web"},"content":{"rendered":"\n<p>Nachstehend einige Adressen im Web f\u00fcr den Gartenliebhaber &#8211; wir haben alle Links zum Zeitpunkt der Erstellung getestet, sollte ein Link nicht mehr funktionieren oder ein unpassender Inhalt erscheinen <a href=\"mailto: info@landhausgarten.at\">bitte informiert uns<\/a> umgehend!<br><\/p>\n\n\n\n<p><strong> Schaug\u00e4rten in der n\u00e4heren oder weiteren Umgebung<\/strong> <\/p>\n\n\n\n<ul class=\"wp-block-list\"><li><a href=\"https:\/\/www.naturimgarten.at\/unser-angebot\/gartenfans-und-hobbyg%C3%A4rtnerinnen\/schaug%C3%A4rten.html\">Natur im Garten \/ Schaug\u00e4rten<\/a> &#8211; die Anlaufstelle f\u00fcr Garten Liebhaber in Nieder\u00f6sterreich<\/li><li><a href=\"https:\/\/www.wein4tler-bauerngarten.at\/\">Wein4tler-Bauerngarten<\/a> &#8211; der Schaugarten von Karl &amp; Brigitte Parbus<\/li><li><a href=\"http:\/\/www.rainbowsend.at\/\">Rainbows End<\/a> &#8211; vom Gartentraum zum Traumgarten, der Schaugarten von Uschi &amp; Herbert Weber<\/li><\/ul>\n\n\n\n<p><strong>Garten Tipps:<\/strong><\/p>\n\n\n\n<ul class=\"wp-block-list\"><li><a href=\"http:\/\/www.lwg.bayern.de\/gartenakademie\/\">Die Bayerische Gartenakademie<\/a> &#8211; der Internetauftritt der Bayerischen Landesanstalt f\u00fcr Weinbau und Gartenbau (LGW) mit vielen Infos f\u00fcr den Haus- und Kleingarten<\/li><\/ul>\n\n\n\n<p><strong>Bezugsquellen:<\/strong><\/p>\n\n\n\n<ul class=\"wp-block-list\"><li><a href=\"http:\/\/www.paeoniamiely.com\">Pfingstrosengarten Miely<\/a> &#8211; die umfangreichste Pfingstrosensammlung in \u00d6sterreich<\/li><\/ul>\n","protected":false},"excerpt":{"rendered":"<p>Nachstehend einige Adressen im Web f\u00fcr den Gartenliebhaber &#8211; wir haben alle Links zum Zeitpunkt der Erstellung getestet, sollte ein Link nicht mehr funktionieren oder ein unpassender Inhalt erscheinen bitte informiert uns umgehend! Schaug\u00e4rten in der n\u00e4heren oder weiteren Umgebung Natur im Garten \/ Schaug\u00e4rten &#8211; die Anlaufstelle f\u00fcr Garten Liebhaber in Nieder\u00f6sterreich Wein4tler-Bauerngarten &#8211;<span class=\"post-excerpt-end\">&hellip;<\/span><\/p>\n<p class=\"more-link\"><a href=\"https:\/\/www.landhausgarten.at\/joomla1.7\/links\/\" class=\"themebutton\">Read More<\/a><\/p>\n","protected":false},"author":1,"featured_media":0,"parent":0,"menu_order":0,"comment_status":"closed","ping_status":"closed","template":"","meta":{"footnotes":""},"class_list":["post-53","page","type-page","status-publish","hentry"],"_links":{"self":[{"href":"https:\/\/www.landhausgarten.at\/joomla1.7\/wp-json\/wp\/v2\/pages\/53","targetHints":{"allow":["GET"]}}],"collection":[{"href":"https:\/\/www.landhausgarten.at\/joomla1.7\/wp-json\/wp\/v2\/pages"}],"about":[{"href":"https:\/\/www.landhausgarten.at\/joomla1.7\/wp-json\/wp\/v2\/types\/page"}],"author":[{"embeddable":true,"href":"https:\/\/www.landhausgarten.at\/joomla1.7\/wp-json\/wp\/v2\/users\/1"}],"replies":[{"embeddable":true,"href":"https:\/\/www.landhausgarten.at\/joomla1.7\/wp-json\/wp\/v2\/comments?post=53"}],"version-history":[{"count":5,"href":"https:\/\/www.landhausgarten.at\/joomla1.7\/wp-json\/wp\/v2\/pages\/53\/revisions"}],"predecessor-version":[{"id":219,"href":"https:\/\/www.landhausgarten.at\/joomla1.7\/wp-json\/wp\/v2\/pages\/53\/revisions\/219"}],"wp:attachment":[{"href":"https:\/\/www.landhausgarten.at\/joomla1.7\/wp-json\/wp\/v2\/media?parent=53"}],"curies":[{"name":"wp","href":"https:\/\/api.w.org\/{rel}","templated":true}]}}