{"id":33,"date":"2019-04-27T11:05:23","date_gmt":"2019-04-27T09:05:23","guid":{"rendered":"http:\/\/www.landhausgarten.at\/joomla1.7\/?page_id=33"},"modified":"2022-04-30T09:10:45","modified_gmt":"2022-04-30T07:10:45","slug":"33-2","status":"publish","type":"page","link":"https:\/\/www.landhausgarten.at\/joomla1.7\/","title":{"rendered":"Schaugarten Ungersb\u00f6ck"},"content":{"rendered":"\n<p class=\"has-text-align-center\"><strong> <span class=\"has-inline-color has-vivid-red-color\">                                                         <\/span>                                      <\/strong><\/p>\n\n\n\n<p><\/p>\n\n\n\n<p class=\"has-text-align-center\"><strong>Unsere<\/strong> beschrifteten <strong>Rundwege ( von Nr. 1 bis Nr. 13) sollen nur im Einbahnsystem<\/strong><b>  <\/b> begehen werden.<\/p>\n\n\n\n<p class=\"has-text-align-center\">                             <\/p>\n\n\n\n<p class=\"has-text-align-center\">Hier wollen wir euch kurz unseren, etw<strong>a 2.000m\u00b2 <\/strong>gro\u00dfen Schaugarten, vorstellen.<br>So ihr Interesse habt, besucht uns <strong>an einem unserer Gartentage oder meldet euch  als Gruppe<\/strong> zu einer Gartenbesichtigung  an.<br><strong>Ihr seid herzlich eingeladen! <\/strong><\/p>\n\n\n\n<p><\/p>\n\n\n\n<p>Unser schattiger Schaugarten liegt in<strong> Ebendorf bei Mistelbach,<\/strong> im Weinviertel in Nieder\u00f6sterreich und<strong> ist von Wien<\/strong> <strong>aus bequem \u00fcber die A5 in etwa einer halben Stunde erreichbar.<\/strong>  Genaueres dazu findet ihr in unserer <a href=\"https:\/\/www.landhausgarten.at\/joomla1.7\/anreise\/\">Anreise Beschreibung.<\/a>                                                                                                                                                                              Nachdem unser  <strong>Cottagegarten<\/strong> keinen strengen Vorgaben folgt, gibt es<strong> immer wieder neue Schwerpunkte,  Pflanzen <\/strong> <strong>und Kunstprojekte<\/strong> zu  entdecken. <\/p>\n\n\n\n<p>Etwa unser<strong> Sammlergarten<\/strong> mit  Historischen Rosen, P\u00e4onien, Seerosen, Bambusarten, Taglilien, aber auch exotische Pflanzen, wie winterharten Palmen und Bananen bietet  Pflanzenfreunden die ganze Saison \u00fcber  interessante Besichtigungstage.                                                                                                                                                                          <\/p>\n\n\n\n<p><strong>Themenschautage<\/strong> und  saisonale Schwerpunkte bieten auch regelm\u00e4\u00dfigen Besuchern unseres Gartens immer wieder Neues. Deshalb lohnt es sich regelm\u00e4\u00dfig unseren <a href=\"https:\/\/www.landhausgarten.at\/joomla1.7\/termine-und-besuche\/\"><span class=\"has-inline-color has-vivid-red-color\">Veranstaltungskalender<\/span><\/a> aufzurufen.<\/p>\n\n\n\n<p>Sehr beliebt ist auch unser kleines<strong> Gartencafe<\/strong> mit hausgemachten, der Jahreszeit angepassten kulinarischen \u00dcberraschungen &#8211; oder unser<strong> Pflanzenflohmarkt<\/strong> mit Rarit\u00e4ten aus dem Schaugarten!<br><\/p>\n\n\n\n<p class=\"has-text-align-center\">WIR FREUEN UNS AUF EUCH!<\/p>\n","protected":false},"excerpt":{"rendered":"<p>Unsere beschrifteten Rundwege ( von Nr. 1 bis Nr. 13) sollen nur im Einbahnsystem begehen werden. Hier wollen wir euch kurz unseren, etwa 2.000m\u00b2 gro\u00dfen Schaugarten, vorstellen.So ihr Interesse habt, besucht uns an einem unserer Gartentage oder meldet euch als Gruppe zu einer Gartenbesichtigung an.Ihr seid herzlich eingeladen! Unser schattiger Schaugarten liegt in Ebendorf bei<span class=\"post-excerpt-end\">&hellip;<\/span><\/p>\n<p class=\"more-link\"><a href=\"https:\/\/www.landhausgarten.at\/joomla1.7\/\" class=\"themebutton\">Read More<\/a><\/p>\n","protected":false},"author":1,"featured_media":0,"parent":0,"menu_order":0,"comment_status":"closed","ping_status":"closed","template":"","meta":{"footnotes":""},"class_list":["post-33","page","type-page","status-publish","hentry"],"_links":{"self":[{"href":"https:\/\/www.landhausgarten.at\/joomla1.7\/wp-json\/wp\/v2\/pages\/33","targetHints":{"allow":["GET"]}}],"collection":[{"href":"https:\/\/www.landhausgarten.at\/joomla1.7\/wp-json\/wp\/v2\/pages"}],"about":[{"href":"https:\/\/www.landhausgarten.at\/joomla1.7\/wp-json\/wp\/v2\/types\/page"}],"author":[{"embeddable":true,"href":"https:\/\/www.landhausgarten.at\/joomla1.7\/wp-json\/wp\/v2\/users\/1"}],"replies":[{"embeddable":true,"href":"https:\/\/www.landhausgarten.at\/joomla1.7\/wp-json\/wp\/v2\/comments?post=33"}],"version-history":[{"count":38,"href":"https:\/\/www.landhausgarten.at\/joomla1.7\/wp-json\/wp\/v2\/pages\/33\/revisions"}],"predecessor-version":[{"id":1108,"href":"https:\/\/www.landhausgarten.at\/joomla1.7\/wp-json\/wp\/v2\/pages\/33\/revisions\/1108"}],"wp:attachment":[{"href":"https:\/\/www.landhausgarten.at\/joomla1.7\/wp-json\/wp\/v2\/media?parent=33"}],"curies":[{"name":"wp","href":"https:\/\/api.w.org\/{rel}","templated":true}]}}